{"id":969,"date":"2023-09-08T13:21:46","date_gmt":"2023-09-08T13:21:46","guid":{"rendered":"http:\/\/ingarohallen.se\/?page_id=969"},"modified":"2023-11-03T14:47:47","modified_gmt":"2023-11-03T14:47:47","slug":"startsida-21","status":"publish","type":"page","link":"https:\/\/www.xn--ingarhallen-vfb.se\/","title":{"rendered":"Startsida"},"content":{"rendered":"\n<figure class=\"wp-block-video alignfull\"><video autoplay src=\"http:\/\/ingarohallen.se\/wp-content\/uploads\/2023\/09\/FILM-STARTSIDA.mp4\"><\/video><\/figure>\n\n\n\n<div class=\"wp-block-columns is-layout-flex wp-container-2 wp-block-columns-is-layout-flex\">\n<div class=\"wp-block-column is-layout-flow wp-block-column-is-layout-flow\" style=\"flex-basis:100%\">\n<p class=\"has-text-align-center has-blue-color has-text-color has-medium-font-size\"><strong>VI \u00c4R EN FRIST\u00c5ENDE MATBUTIK UTE P\u00c5 INGAR\u00d6 SOM BRINNER F\u00d6R SERVICE OCH H\u00d6G KVALITET. V\u00c5RT M\u00c5L \u00c4R ATT SPRIDA MATGL\u00c4DJE TILL V\u00c5RA FANTASTISKA KUNDER!<\/strong><\/p>\n<\/div>\n<\/div>\n\n\n\n<div class=\"wp-block-group is-layout-flow wp-block-group-is-layout-flow\"><div class=\"wp-block-group__inner-container\">\n<div class=\"wp-block-group is-layout-flow wp-block-group-is-layout-flow\"><div class=\"wp-block-group__inner-container\">\n<figure class=\"wp-block-gallery has-nested-images columns-default is-cropped wp-block-gallery-3 is-layout-flex wp-block-gallery-is-layout-flex\">\n<figure class=\"wp-block-image size-large\"><a href=\"http:\/\/ingarohallen.se\/?page_id=1024\"><img decoding=\"async\" loading=\"lazy\" width=\"819\" height=\"1024\" src=\"http:\/\/ingarohallen.se\/wp-content\/uploads\/2023\/10\/Namnlo\u0308st-3-03-1-819x1024.png\" alt=\"\" class=\"wp-image-1279\" srcset=\"https:\/\/www.xn--ingarhallen-vfb.se\/wp-content\/uploads\/2023\/10\/Namnlo\u0308st-3-03-1-819x1024.png 819w, https:\/\/www.xn--ingarhallen-vfb.se\/wp-content\/uploads\/2023\/10\/Namnlo\u0308st-3-03-1-240x300.png 240w, https:\/\/www.xn--ingarhallen-vfb.se\/wp-content\/uploads\/2023\/10\/Namnlo\u0308st-3-03-1-768x960.png 768w, https:\/\/www.xn--ingarhallen-vfb.se\/wp-content\/uploads\/2023\/10\/Namnlo\u0308st-3-03-1-1600x2000.png 1600w, https:\/\/www.xn--ingarhallen-vfb.se\/wp-content\/uploads\/2023\/10\/Namnlo\u0308st-3-03-1-1229x1536.png 1229w, https:\/\/www.xn--ingarhallen-vfb.se\/wp-content\/uploads\/2023\/10\/Namnlo\u0308st-3-03-1-1638x2048.png 1638w, https:\/\/www.xn--ingarhallen-vfb.se\/wp-content\/uploads\/2023\/10\/Namnlo\u0308st-3-03-1-640x800.png 640w, https:\/\/www.xn--ingarhallen-vfb.se\/wp-content\/uploads\/2023\/10\/Namnlo\u0308st-3-03-1-1024x1280.png 1024w, https:\/\/www.xn--ingarhallen-vfb.se\/wp-content\/uploads\/2023\/10\/Namnlo\u0308st-3-03-1-1280x1600.png 1280w\" sizes=\"(max-width: 819px) 100vw, 819px\" \/><\/a><\/figure>\n\n\n\n<figure class=\"wp-block-image size-large\"><a href=\"http:\/\/ingarohallen.se\/?page_id=982\"><img decoding=\"async\" loading=\"lazy\" width=\"819\" height=\"1024\" src=\"http:\/\/ingarohallen.se\/wp-content\/uploads\/2023\/10\/Namnlo\u0308st-3-04-2-819x1024.png\" alt=\"\" class=\"wp-image-1280\" srcset=\"https:\/\/www.xn--ingarhallen-vfb.se\/wp-content\/uploads\/2023\/10\/Namnlo\u0308st-3-04-2-819x1024.png 819w, https:\/\/www.xn--ingarhallen-vfb.se\/wp-content\/uploads\/2023\/10\/Namnlo\u0308st-3-04-2-240x300.png 240w, https:\/\/www.xn--ingarhallen-vfb.se\/wp-content\/uploads\/2023\/10\/Namnlo\u0308st-3-04-2-768x960.png 768w, https:\/\/www.xn--ingarhallen-vfb.se\/wp-content\/uploads\/2023\/10\/Namnlo\u0308st-3-04-2-1600x2000.png 1600w, https:\/\/www.xn--ingarhallen-vfb.se\/wp-content\/uploads\/2023\/10\/Namnlo\u0308st-3-04-2-1229x1536.png 1229w, https:\/\/www.xn--ingarhallen-vfb.se\/wp-content\/uploads\/2023\/10\/Namnlo\u0308st-3-04-2-1638x2048.png 1638w, https:\/\/www.xn--ingarhallen-vfb.se\/wp-content\/uploads\/2023\/10\/Namnlo\u0308st-3-04-2-640x800.png 640w, https:\/\/www.xn--ingarhallen-vfb.se\/wp-content\/uploads\/2023\/10\/Namnlo\u0308st-3-04-2-1024x1280.png 1024w, https:\/\/www.xn--ingarhallen-vfb.se\/wp-content\/uploads\/2023\/10\/Namnlo\u0308st-3-04-2-1280x1600.png 1280w\" sizes=\"(max-width: 819px) 100vw, 819px\" \/><\/a><\/figure>\n\n\n\n<figure class=\"wp-block-image size-large\"><a href=\"http:\/\/ingarohallen.se\/?page_id=1009\"><img decoding=\"async\" loading=\"lazy\" width=\"819\" height=\"1024\" src=\"http:\/\/ingarohallen.se\/wp-content\/uploads\/2023\/11\/Namnlost-3-05-819x1024.png\" alt=\"\" class=\"wp-image-1354\" srcset=\"https:\/\/www.xn--ingarhallen-vfb.se\/wp-content\/uploads\/2023\/11\/Namnlost-3-05-819x1024.png 819w, https:\/\/www.xn--ingarhallen-vfb.se\/wp-content\/uploads\/2023\/11\/Namnlost-3-05-240x300.png 240w, https:\/\/www.xn--ingarhallen-vfb.se\/wp-content\/uploads\/2023\/11\/Namnlost-3-05-768x960.png 768w, https:\/\/www.xn--ingarhallen-vfb.se\/wp-content\/uploads\/2023\/11\/Namnlost-3-05-1229x1536.png 1229w, https:\/\/www.xn--ingarhallen-vfb.se\/wp-content\/uploads\/2023\/11\/Namnlost-3-05-1638x2048.png 1638w, https:\/\/www.xn--ingarhallen-vfb.se\/wp-content\/uploads\/2023\/11\/Namnlost-3-05-640x800.png 640w, https:\/\/www.xn--ingarhallen-vfb.se\/wp-content\/uploads\/2023\/11\/Namnlost-3-05-1024x1280.png 1024w, https:\/\/www.xn--ingarhallen-vfb.se\/wp-content\/uploads\/2023\/11\/Namnlost-3-05-1280x1600.png 1280w, https:\/\/www.xn--ingarhallen-vfb.se\/wp-content\/uploads\/2023\/11\/Namnlost-3-05-1600x2000.png 1600w\" sizes=\"(max-width: 819px) 100vw, 819px\" \/><\/a><\/figure>\n<\/figure>\n<\/div><\/div>\n<\/div><\/div>\n","protected":false},"excerpt":{"rendered":"<p>VI \u00c4R EN FRIST\u00c5ENDE MATBUTIK UTE&#8230;<\/p>\n","protected":false},"author":2,"featured_media":0,"parent":0,"menu_order":0,"comment_status":"closed","ping_status":"closed","template":"","meta":{"footnotes":""},"_links":{"self":[{"href":"https:\/\/www.xn--ingarhallen-vfb.se\/index.php?rest_route=\/wp\/v2\/pages\/969"}],"collection":[{"href":"https:\/\/www.xn--ingarhallen-vfb.se\/index.php?rest_route=\/wp\/v2\/pages"}],"about":[{"href":"https:\/\/www.xn--ingarhallen-vfb.se\/index.php?rest_route=\/wp\/v2\/types\/page"}],"author":[{"embeddable":true,"href":"https:\/\/www.xn--ingarhallen-vfb.se\/index.php?rest_route=\/wp\/v2\/users\/2"}],"replies":[{"embeddable":true,"href":"https:\/\/www.xn--ingarhallen-vfb.se\/index.php?rest_route=%2Fwp%2Fv2%2Fcomments&post=969"}],"version-history":[{"count":28,"href":"https:\/\/www.xn--ingarhallen-vfb.se\/index.php?rest_route=\/wp\/v2\/pages\/969\/revisions"}],"predecessor-version":[{"id":1359,"href":"https:\/\/www.xn--ingarhallen-vfb.se\/index.php?rest_route=\/wp\/v2\/pages\/969\/revisions\/1359"}],"wp:attachment":[{"href":"https:\/\/www.xn--ingarhallen-vfb.se\/index.php?rest_route=%2Fwp%2Fv2%2Fmedia&parent=969"}],"curies":[{"name":"wp","href":"https:\/\/api.w.org\/{rel}","templated":true}]}}